{"id":85,"date":"2016-01-23T14:29:23","date_gmt":"2016-01-23T13:29:23","guid":{"rendered":"http:\/\/fewo-schoenhagen-ostsee.de\/?page_id=85"},"modified":"2026-04-01T09:54:18","modified_gmt":"2026-04-01T07:54:18","slug":"cafe","status":"publish","type":"page","link":"https:\/\/hof-schwansen.de\/?page_id=85","title":{"rendered":"Herzlich willkommen im Caf\u00e9 Hof Schwansen!"},"content":{"rendered":"<p><img decoding=\"async\" loading=\"lazy\" class=\"wp-image-1249 aligncenter\" src=\"https:\/\/hof-schwansen.de\/wp-content\/uploads\/2022\/04\/CafeHofSchwansen\u00a9AnikaRaubeFotografie-65-300x200.jpg\" alt=\"\" width=\"266\" height=\"177\" srcset=\"https:\/\/hof-schwansen.de\/wp-content\/uploads\/2022\/04\/CafeHofSchwansen\u00a9AnikaRaubeFotografie-65-300x200.jpg 300w, https:\/\/hof-schwansen.de\/wp-content\/uploads\/2022\/04\/CafeHofSchwansen\u00a9AnikaRaubeFotografie-65-1024x681.jpg 1024w, https:\/\/hof-schwansen.de\/wp-content\/uploads\/2022\/04\/CafeHofSchwansen\u00a9AnikaRaubeFotografie-65-768x511.jpg 768w, https:\/\/hof-schwansen.de\/wp-content\/uploads\/2022\/04\/CafeHofSchwansen\u00a9AnikaRaubeFotografie-65-1536x1022.jpg 1536w, https:\/\/hof-schwansen.de\/wp-content\/uploads\/2022\/04\/CafeHofSchwansen\u00a9AnikaRaubeFotografie-65-2048x1363.jpg 2048w\" sizes=\"(max-width: 266px) 100vw, 266px\" \/><\/p>\n<p><strong>Kommt rein, f\u00fchlt euch wohl!<br \/>\nUnd bringt gern eure Vierbeiner mit, bei uns sind Hunde herzlich willkommen.<\/strong><\/p>\n<p><strong>Fr\u00fchst\u00fcck unter der Woche<\/strong><br \/>\nVon 9:30 und 12 Uhr starten wir gemeinsam mit euch in den Tag. Ob herzhaft, s\u00fc\u00df, vegetarisch oder vegan \u2013 unser Fr\u00fchst\u00fcck ist so vielseitig wie ihr. Einfach vorbeikommen, genie\u00dfen und durchatmen.<\/p>\n<p><strong>Sonntags hei\u00dft es: \u201eTischlein deck dich\u201c<\/strong><br \/>\nZwischen 9:30 und 12 Uhr servieren wir euch Sonntags ein liebevoll gedecktes Tischbuffet mit allem, was das Fr\u00fchst\u00fccksherz begehrt. Damit wir euch einen sch\u00f6nen Platz vorbereiten k\u00f6nnen, bitten wir euch, vorab zu reservieren.<\/p>\n<p><strong>Ab 13 Uhr wird\u2019s herzhaft und s\u00fc\u00df<\/strong><br \/>\nZur Mittagszeit oder am Nachmittag erwartet euch eine kleine, feine Auswahl an herzhaften Kleinigkeiten, perfekt zum Sattwerden oder Snacken. Und nat\u00fcrlich gibt\u2019s auch unsere selbstgebackenen Kuchen und Torten: Apfelstreusel, K\u00e4sekuchen, Wei\u00dfw\u00e4lder, Cremeschnitten und viele weitere s\u00fc\u00dfe Verf\u00fchrungen.<\/p>\n<p><strong>Drau\u00dfen ist\u2019s am sch\u00f6nsten<\/strong><br \/>\nBei sch\u00f6nem Wetter k\u00f6nnt ihr auf unserer idyllischen Terrasse sitzen, mit Blick auf Wiesen und Felder, ein echtes kleines St\u00fcck Land-Idylle.<\/p>\n<p><strong>Und noch ein kleiner Tipp:<\/strong><br \/>\nIn unserem Caf\u00e9 findet ihr handverlesene Wohnaccessoires und regionale Kleinigkeiten, zum Verschenken oder Selberbehalten. St\u00f6bern lohnt sich!<\/p>\n<p>Wir freuen uns riesig auf euch!<\/p>\n<p><span style=\"font-size: 18pt;\"><span style=\"font-size: 24pt;\">&#x2665;<\/span><\/span>lich<\/p>\n<p>Ilka und Team<\/p>\n","protected":false},"excerpt":{"rendered":"<p>Kommt rein, f\u00fchlt euch wohl! Und bringt gern eure Vierbeiner mit, bei uns sind Hunde herzlich willkommen. Fr\u00fchst\u00fcck unter der Woche Von 9:30 und 12 Uhr starten wir gemeinsam mit euch in den Tag. Ob herzhaft, s\u00fc\u00df, vegetarisch oder vegan \u2013 unser Fr\u00fchst\u00fcck ist so vielseitig wie ihr. Einfach vorbeikommen, genie\u00dfen und durchatmen. Sonntags hei\u00dft [&hellip;]<\/p>\n","protected":false},"author":1,"featured_media":0,"parent":0,"menu_order":0,"comment_status":"closed","ping_status":"closed","template":"","meta":[],"_links":{"self":[{"href":"https:\/\/hof-schwansen.de\/index.php?rest_route=\/wp\/v2\/pages\/85"}],"collection":[{"href":"https:\/\/hof-schwansen.de\/index.php?rest_route=\/wp\/v2\/pages"}],"about":[{"href":"https:\/\/hof-schwansen.de\/index.php?rest_route=\/wp\/v2\/types\/page"}],"author":[{"embeddable":true,"href":"https:\/\/hof-schwansen.de\/index.php?rest_route=\/wp\/v2\/users\/1"}],"replies":[{"embeddable":true,"href":"https:\/\/hof-schwansen.de\/index.php?rest_route=%2Fwp%2Fv2%2Fcomments&post=85"}],"version-history":[{"count":47,"href":"https:\/\/hof-schwansen.de\/index.php?rest_route=\/wp\/v2\/pages\/85\/revisions"}],"predecessor-version":[{"id":1610,"href":"https:\/\/hof-schwansen.de\/index.php?rest_route=\/wp\/v2\/pages\/85\/revisions\/1610"}],"wp:attachment":[{"href":"https:\/\/hof-schwansen.de\/index.php?rest_route=%2Fwp%2Fv2%2Fmedia&parent=85"}],"curies":[{"name":"wp","href":"https:\/\/api.w.org\/{rel}","templated":true}]}}

Herzlich willkommen im Café Hof Schwansen!

<p><img decoding="async" loading="lazy" class="wp-image-1249 aligncenter" src="https://hof-schwansen.de/wp-content/uploads/2022/04/CafeHofSchwansen©AnikaRaubeFotografie-65-300x200.jpg" alt="" width="266" height="177" srcset="https://hof-schwansen.de/wp-content/uploads/2022/04/CafeHofSchwansen©AnikaRaubeFotografie-65-300x200.jpg 300w, https://hof-schwansen.de/wp-content/uploads/2022/04/CafeHofSchwansen©AnikaRaubeFotografie-65-1024x681.jpg 1024w, https://hof-schwansen.de/wp-content/uploads/2022/04/CafeHofSchwansen©AnikaRaubeFotografie-65-768x511.jpg 768w, https://hof-schwansen.de/wp-content/uploads/2022/04/CafeHofSchwansen©AnikaRaubeFotografie-65-1536x1022.jpg 1536w, https://hof-schwansen.de/wp-content/uploads/2022/04/CafeHofSchwansen©AnikaRaubeFotografie-65-2048x1363.jpg 2048w" sizes="(max-width: 266px) 100vw, 266px" /></p>
<p><strong>Kommt rein, fühlt euch wohl!<br />
Und bringt gern eure Vierbeiner mit, bei uns sind Hunde herzlich willkommen.</strong></p>
<p><strong>Frühstück unter der Woche</strong><br />
Von 9:30 und 12 Uhr starten wir gemeinsam mit euch in den Tag. Ob herzhaft, süß, vegetarisch oder vegan – unser Frühstück ist so vielseitig wie ihr. Einfach vorbeikommen, genießen und durchatmen.</p>
<p><strong>Sonntags heißt es: „Tischlein deck dich“</strong><br />
Zwischen 9:30 und 12 Uhr servieren wir euch Sonntags ein liebevoll gedecktes Tischbuffet mit allem, was das Frühstücksherz begehrt. Damit wir euch einen schönen Platz vorbereiten können, bitten wir euch, vorab zu reservieren.</p>
<p><strong>Ab 13 Uhr wird’s herzhaft und süß</strong><br />
Zur Mittagszeit oder am Nachmittag erwartet euch eine kleine, feine Auswahl an herzhaften Kleinigkeiten, perfekt zum Sattwerden oder Snacken. Und natürlich gibt’s auch unsere selbstgebackenen Kuchen und Torten: Apfelstreusel, Käsekuchen, Weißwälder, Cremeschnitten und viele weitere süße Verführungen.</p>
<p><strong>Draußen ist’s am schönsten</strong><br />
Bei schönem Wetter könnt ihr auf unserer idyllischen Terrasse sitzen, mit Blick auf Wiesen und Felder, ein echtes kleines Stück Land-Idylle.</p>
<p><strong>Und noch ein kleiner Tipp:</strong><br />
In unserem Café findet ihr handverlesene Wohnaccessoires und regionale Kleinigkeiten, zum Verschenken oder Selberbehalten. Stöbern lohnt sich!</p>
<p>Wir freuen uns riesig auf euch!</p>
<p><span style="font-size: 18pt;"><span style="font-size: 24pt;">&#x2665;</span></span>lich</p>
<p>Ilka und Team</p>

<p>Kommt rein, fühlt euch wohl! Und bringt gern eure Vierbeiner mit, bei uns sind Hunde herzlich willkommen. Frühstück unter der Woche Von 9:30 und 12 Uhr starten wir gemeinsam mit euch in den Tag. Ob herzhaft, süß, vegetarisch oder vegan – unser Frühstück ist so vielseitig wie ihr. Einfach vorbeikommen, genießen und durchatmen. Sonntags heißt [&hellip;]</p>
