{"id":62,"date":"2016-01-23T12:31:24","date_gmt":"2016-01-23T11:31:24","guid":{"rendered":"http:\/\/fewo-schoenhagen-ostsee.de\/?page_id=62"},"modified":"2023-11-29T14:21:41","modified_gmt":"2023-11-29T13:21:41","slug":"kontakt-2","status":"publish","type":"page","link":"https:\/\/hof-schwansen.de\/?page_id=62","title":{"rendered":"Kontakt"},"content":{"rendered":"<p><a href=\"http:\/\/fewo-schoenhagen-ostsee.de\/wp-content\/uploads\/2016\/01\/11875038_10153611650866079_7824411723039249662_o.jpg\"><img decoding=\"async\" loading=\"lazy\" class=\"alignright wp-image-11\" src=\"http:\/\/fewo-schoenhagen-ostsee.de\/wp-content\/uploads\/2016\/01\/11875038_10153611650866079_7824411723039249662_o-300x124.jpg\" alt=\"Hof Schwansen\" width=\"266\" height=\"110\" srcset=\"https:\/\/hof-schwansen.de\/wp-content\/uploads\/2016\/01\/11875038_10153611650866079_7824411723039249662_o-300x124.jpg 300w, https:\/\/hof-schwansen.de\/wp-content\/uploads\/2016\/01\/11875038_10153611650866079_7824411723039249662_o-768x317.jpg 768w, https:\/\/hof-schwansen.de\/wp-content\/uploads\/2016\/01\/11875038_10153611650866079_7824411723039249662_o-1024x422.jpg 1024w, https:\/\/hof-schwansen.de\/wp-content\/uploads\/2016\/01\/11875038_10153611650866079_7824411723039249662_o.jpg 2048w\" sizes=\"(max-width: 266px) 100vw, 266px\" \/><\/a>Ihr Gastgeber<br \/>\nIlka D\u00f6rdelmann-Suhr<\/p>\n<p>Hof Schwansen<br \/>\nSchlo\u00dfstra\u00dfe 8<br \/>\n24398 Sch\u00f6nhagen<br \/>\nmobil: 01520 8450833<br \/>\nmail: post@hof-schwansen.de<br \/>\nweb: www.hof-schwansen.de<\/p>\n<div role=\"form\" class=\"wpcf7\" id=\"wpcf7-f58-o1\" lang=\"de-DE\" dir=\"ltr\">\n<div class=\"screen-reader-response\"><p role=\"status\" aria-live=\"polite\" aria-atomic=\"true\"><\/p> <ul><\/ul><\/div>\n<form action=\"\/index.php?rest_route=%2Fwp%2Fv2%2Fpages%2F62#wpcf7-f58-o1\" method=\"post\" class=\"wpcf7-form init\" novalidate=\"novalidate\" data-status=\"init\">\n<div style=\"display: none;\">\n<input type=\"hidden\" name=\"_wpcf7\" value=\"58\" \/>\n<input type=\"hidden\" name=\"_wpcf7_version\" value=\"5.6.3\" \/>\n<input type=\"hidden\" name=\"_wpcf7_locale\" value=\"de_DE\" \/>\n<input type=\"hidden\" name=\"_wpcf7_unit_tag\" value=\"wpcf7-f58-o1\" \/>\n<input type=\"hidden\" name=\"_wpcf7_container_post\" value=\"0\" \/>\n<input type=\"hidden\" name=\"_wpcf7_posted_data_hash\" value=\"\" \/>\n<\/div>\n<table border=\"0\" cellpadding=\"2\" cellspacing=\"0\" width=\"100%\">\n<tr>\n<td align=\"left\" valign=\"top\">Ihr Name*<\/td>\n<td width=\"100\" align=\"left\" valign=\"top\"><span class=\"wpcf7-form-control-wrap\" data-name=\"your-name\"><input type=\"text\" name=\"your-name\" value=\"\" size=\"40\" class=\"wpcf7-form-control wpcf7-text wpcf7-validates-as-required\" aria-required=\"true\" aria-invalid=\"false\" \/><\/span><\/td>\n<\/tr>\n<tr align=\"left\" valign=\"top\">\n<td>Ihre E-Mail-Adresse*<\/td>\n<td><span class=\"wpcf7-form-control-wrap\" data-name=\"your-email\"><input type=\"email\" name=\"your-email\" value=\"\" size=\"40\" class=\"wpcf7-form-control wpcf7-text wpcf7-email wpcf7-validates-as-required wpcf7-validates-as-email\" aria-required=\"true\" aria-invalid=\"false\" \/><\/span> <\/td>\n<\/tr>\n<tr align=\"left\" valign=\"top\">\n<td>Telefon: <\/td>\n<td><span class=\"wpcf7-form-control-wrap\" data-name=\"tel-635\"><input type=\"tel\" name=\"tel-635\" value=\"\" size=\"40\" class=\"wpcf7-form-control wpcf7-text wpcf7-tel wpcf7-validates-as-tel\" aria-invalid=\"false\" \/><\/span><\/td>\n<\/tr>\n<tr align=\"left\" valign=\"top\">\n<td>Betreff<\/td>\n<td><span class=\"wpcf7-form-control-wrap\" data-name=\"your-subject\"><input type=\"text\" name=\"your-subject\" value=\"\" size=\"40\" class=\"wpcf7-form-control wpcf7-text\" aria-invalid=\"false\" \/><\/span> <\/td>\n<\/tr>\n<tr align=\"left\" valign=\"top\">\n<td>Ihre Nachricht<\/td>\n<td><span class=\"wpcf7-form-control-wrap\" data-name=\"your-message\"><textarea name=\"your-message\" cols=\"40\" rows=\"10\" class=\"wpcf7-form-control wpcf7-textarea\" aria-invalid=\"false\"><\/textarea><\/span> <\/td>\n<\/tr>\n<\/table>\n<table width=\"100%\" border=\"0\" cellpadding=\"0\" cellspacing=\"0\">\n<tr>\n<td align=\"center\" valign=\"bottom\"><input type=\"submit\" value=\"Senden\" class=\"wpcf7-form-control has-spinner wpcf7-submit\" \/><\/td>\n<\/tr>\n<\/table>\n<div align=\"right\">(*Pflichtfeld)<\/div>\n<input type='hidden' class='wpcf7-pum' value='{\"closepopup\":false,\"closedelay\":0,\"openpopup\":false,\"openpopup_id\":0}' \/><div class=\"wpcf7-response-output\" aria-hidden=\"true\"><\/div><\/form><\/div>\n","protected":false},"excerpt":{"rendered":"<p>Ihr Gastgeber Ilka D\u00f6rdelmann-Suhr Hof Schwansen Schlo\u00dfstra\u00dfe 8 24398 Sch\u00f6nhagen mobil: 01520 8450833 mail: post@hof-schwansen.de web: www.hof-schwansen.de<\/p>\n","protected":false},"author":1,"featured_media":0,"parent":0,"menu_order":0,"comment_status":"closed","ping_status":"closed","template":"","meta":[],"_links":{"self":[{"href":"https:\/\/hof-schwansen.de\/index.php?rest_route=\/wp\/v2\/pages\/62"}],"collection":[{"href":"https:\/\/hof-schwansen.de\/index.php?rest_route=\/wp\/v2\/pages"}],"about":[{"href":"https:\/\/hof-schwansen.de\/index.php?rest_route=\/wp\/v2\/types\/page"}],"author":[{"embeddable":true,"href":"https:\/\/hof-schwansen.de\/index.php?rest_route=\/wp\/v2\/users\/1"}],"replies":[{"embeddable":true,"href":"https:\/\/hof-schwansen.de\/index.php?rest_route=%2Fwp%2Fv2%2Fcomments&post=62"}],"version-history":[{"count":8,"href":"https:\/\/hof-schwansen.de\/index.php?rest_route=\/wp\/v2\/pages\/62\/revisions"}],"predecessor-version":[{"id":1385,"href":"https:\/\/hof-schwansen.de\/index.php?rest_route=\/wp\/v2\/pages\/62\/revisions\/1385"}],"wp:attachment":[{"href":"https:\/\/hof-schwansen.de\/index.php?rest_route=%2Fwp%2Fv2%2Fmedia&parent=62"}],"curies":[{"name":"wp","href":"https:\/\/api.w.org\/{rel}","templated":true}]}}