{"id":417,"date":"2016-10-04T22:10:22","date_gmt":"2016-10-04T20:10:22","guid":{"rendered":"http:\/\/hof-schwansen.de\/?page_id=417"},"modified":"2026-02-13T13:44:33","modified_gmt":"2026-02-13T12:44:33","slug":"preise-2017","status":"publish","type":"page","link":"https:\/\/hof-schwansen.de\/?page_id=417","title":{"rendered":"Preise"},"content":{"rendered":"<table style=\"width: 99.26%; height: 258px;\" border=\"0\" cellspacing=\"0\" cellpadding=\"5\">\n<tbody>\n<tr style=\"height: 48px;\">\n<td style=\"height: 48px; text-align: left; vertical-align: top;\"><strong>Ferienwohnung<\/strong><\/td>\n<td style=\"height: 48px; text-align: left; vertical-align: top;\"><strong>Vertr\u00e4umt<\/strong><br \/>\n1-2 Personen<\/td>\n<td style=\"height: 48px; text-align: left; vertical-align: top;\"><strong>Verzaubert<\/strong><br \/>\n1-3 Personen<\/td>\n<td style=\"height: 48px; text-align: left; vertical-align: top;\"><strong>Verz\u00fcckt<\/strong><br \/>\n1-3 Personen<\/td>\n<\/tr>\n<tr style=\"height: 104px;\">\n<td style=\"height: 104px; text-align: left; vertical-align: top;\"><b>A &#8211; Saison<br \/>\n<\/b><span style=\"display: inline !important; float: none; background-color: #ffffff; color: #333333; cursor: text; font-family: Georgia,'Times New Roman','Bitstream Charter',Times,serif; font-size: 16px; font-style: normal; font-variant: normal; font-weight: 400; letter-spacing: normal; orphans: 2; text-align: left; text-decoration: none; text-indent: 0px; text-transform: none; -webkit-text-stroke-width: 0px; white-space: normal; word-spacing: 0px;\">01.04. &#8211; 31.10.<\/span><br \/>\n<span style=\"display: inline !important; float: none; background-color: #ffffff; color: #333333; cursor: text; font-family: Georgia,'Times New Roman','Bitstream Charter',Times,serif; font-size: 16px; font-style: normal; font-variant: normal; font-weight: 400; letter-spacing: normal; orphans: 2; text-align: left; text-decoration: none; text-indent: 0px; text-transform: none; -webkit-text-stroke-width: 0px; white-space: normal; word-spacing: 0px;\">15.12. &#8211; 15.01.<\/span><strong><br \/>\n<\/strong><\/td>\n<td style=\"height: 104px; text-align: left; vertical-align: top;\">ab 95,- EUR<\/td>\n<td style=\"height: 104px; text-align: left; vertical-align: top;\">ab 120,- EUR<\/td>\n<td style=\"height: 104px; text-align: left; vertical-align: top;\">ab 120,- EUR<\/td>\n<\/tr>\n<tr style=\"height: 96px;\">\n<td style=\"height: 96px; text-align: left; vertical-align: top;\"><b>B &#8211; Saison<br \/>\n<\/b>01.11. &#8211; 14.12.<br \/>\n16.01. &#8211; 31.03.<\/td>\n<td style=\"height: 96px; text-align: left; vertical-align: top;\">ab 90,- EUR<\/td>\n<td style=\"height: 96px; text-align: left; vertical-align: top;\">ab 115,- EUR<\/td>\n<td style=\"height: 96px; text-align: left; vertical-align: top;\">ab 115,- EUR<\/td>\n<\/tr>\n<tr style=\"height: 10px;\">\n<td style=\"height: 10px; text-align: left; vertical-align: top;\"><\/td>\n<td style=\"height: 10px; text-align: left; vertical-align: top;\"><\/td>\n<td style=\"height: 10px; text-align: left; vertical-align: top;\"><\/td>\n<td style=\"height: 10px; text-align: left; vertical-align: top;\"><\/td>\n<\/tr>\n<\/tbody>\n<\/table>\n<p>Alle Preise verstehen sich inklusive der gesetzlichen Mehrwertsteuer (7%) und gelten pro \u00dcbernachtung und Wohnung (bei bis zu 2 bzw. bis zu 3 Personen) bei einer \u00dcbernachtung ab 5 Tagen. Nebenkosten, Bettw\u00e4sche, Handt\u00fccher und ein PKW-Stellplatz sind ebenfalls enthalten. F\u00fcr die Endreinigung berechnen wir bei der D\u00fcne und Leuchtturm einmalig 80,- EUR und bei der Strandkorb 60,- EUR.<\/p>\n<p>Aus organisatorischen Gr\u00fcnden k\u00f6nnen wir die Ferienwohnungen in der Hauptsaison nur wochenweise von Samstag bis Samstag vermieten.<\/p>\n<p>Solltet ihr euch in der Hauptsaison kurzfristig f\u00fcr ein paar Tage erholen wollen, ruft uns einfach an. Sind noch freie Kapazit\u00e4ten vorhanden, k\u00f6nnt ihr unsere Ferienwohnungen dann auch f\u00fcr einige Tage buchen.<\/p>\n<p>Hunde sind bei uns in allen Ferienwohnungen herzlich willkommen. F\u00fcr jeden Hund berechnen wir eine Pauschale pro Tag von 8,- EUR.<\/p>\n<h3>Was sonst noch wichtig ist&#8230;<\/h3>\n<p><strong>Buchung<\/strong><\/p>\n<p>Mit der telefonischen, pers\u00f6nlichen oder schriftlichen Buchung bietet der Mieter einen Abschluss eines Mietvertrages an. Dieser ist verbindlich geschlossen, wenn der Mieter vom Vermieter eine schriftliche Best\u00e4tigung erh\u00e4lt und die Anzahlung auf das angegebene Konto gutgeschrieben wurde. Dadurch verpflichtet sich der Mieter zur Anerkennung der Buchung und der Hausordnung.<\/p>\n<p><strong>Bezahlung<\/strong><\/p>\n<p>Der Betrag ist wie folgt zu entrichten: Eine Anzahlung i. H. v. (20% des Gesamtpreises) wird sofort bei Vertragsabschluss f\u00e4llig, Restzahlung bis sp\u00e4testens 6 Wochen vor Mietbeginn. Liegen zwischen dem Tag des Vertragsschlusses und dem Tag des Mietbeginns weniger als sechs Wochen, ist der gesamte Betrag sofort nach Vertragsschluss zu \u00fcberweisen. Zahlungsverzug berechtigt den Vermieter zur Setzung einer Nachfrist, danach zum R\u00fccktritt vom Mietvertrag.<\/p>\n<p><strong>Preise<\/strong><\/p>\n<p>F\u00fcr die vertraglichen Leistungen gelten ausschlie\u00dflich die Beschreibungen, Abbildungen und Preisangaben auf der Webseite, www.hof-schwansen.de.<\/p>\n<p><strong>An- und Abreise<\/strong><\/p>\n<p>Die Mietzeit schlie\u00dft die Nutzung am Anreisetag ab 16 Uhr und am Abreisetag bis 10 Uhr ein. Ist die Anreise sp\u00e4ter als 18 Uhr, sollte der Mieter sich telefonisch unter der Nummer 01520 8450833 melden.<\/p>\n<p><strong>Leistungen\u00a0<\/strong><\/p>\n<p>Die Ferienwohnung darf nur mit den in der Mietbest\u00e4tigung angegebenen Personenzahl und Haustieren belegt werden. Der Mieter hat das Mietobjekt und das Inventar mit gr\u00f6\u00dftm\u00f6glicher Sorgfalt zu behandeln. W\u00e4hrend der Mietdauer \u00fcbernimmt der Mieter die Reinigung des Mietobjektes.<\/p>\n<p><strong>Sch\u00e4den <\/strong><\/p>\n<p>Der Mieter ist verpflichtet, den w\u00e4hrend der Mietzeit durch sein Verschulden oder das Verschulden seiner Begleitungen und G\u00e4sten entstandenen Schaden sofort zu melden und zu ersetzen.<\/p>\n<p><strong>R\u00fccktritt \/ Stornierung<\/strong><\/p>\n<p>Der Mieter kann vom Mietvertrag schriftlich zur\u00fccktreten. Der pauschalierte Entsch\u00e4digungsanspruch betr\u00e4gt bis 30 Tage vor Mietbeginn 20% des Mietpreises bis 15 Tage vor Mietbeginn 50% des Mietpreises ab dem 14 Tag vor Mietbeginn 80% des Mietpreises. Gelingt es dem Vermieter einen anderen Mieter f\u00fcr den gleichen Zeitraum zu denselben Bedingungen zu finden, so werden lediglich 10% des Mietpreises berechnet. Bei vorzeitiger Abreise wird der Mietpreis nicht zur\u00fcckgezahlt.<\/p>\n<p><strong>Internet<\/strong><\/p>\n<p>Bei Nutzung des Internetzugangs ist der Mieter f\u00fcr die Einhaltung von Jugendschutz und Urheberrecht verantwortlich.<\/p>\n<p><strong>Haustiere<\/strong><\/p>\n<p>Tiere sind von jeglichen M\u00f6belst\u00fccken fernzuhalten. Der Mieter haftet f\u00fcr Sch\u00e4den, die mitgebrachte Tiere verursachen.<\/p>\n<p><strong>Hausrecht<\/strong><\/p>\n<p>Unter bestimmten Umst\u00e4nden, z.B. Stromausfall, Wassersch\u00e4den etc., kann es notwendig sein, dass der Vermieter die Ferienwohnung ohne Wissen des Mieters betreten muss.<\/p>\n<p><strong>Abreise<\/strong><\/p>\n<p>Bei Abreise ist die Wohnung so zu \u00fcbergeben, wie sie bei Mietbeginn vorgefunden wurde. Sollte die Wohnung nicht besenrein, in einem aufger\u00e4umten Zustand, ohne M\u00fcll, mit abgezogenen Betten und sauberer K\u00fcche\/Geschirr \u00fcbergeben werden, beh\u00e4lt sich der Vermieter eine Nachberechnung in H\u00f6he von 50,- \u20ac vor.<\/p>\n<h3><strong>Kurtaxe<\/strong><\/h3>\n<p><strong>Hauptsaison: <\/strong>1. April &#8211; 31. Oktober und 15. Dezember &#8211; 15. Januar<br \/>\nErwachsene (ab 18 J.) 1,28 EUR \/ Tag<br \/>\nKinder (ab 12 J.) 0,42 EUR \/ Tag<\/p>\n<p><strong>Nebensaison: <\/strong>01. November &#8211; 14. Dezember und 16. Januar &#8211; 31.M\u00e4rz<br \/>\nErwachsene (ab 18 J.) 0,64 EUR \/ Tag<br \/>\nKinder (ab 12 J.) 0,23 EUR \/ Tag<\/p>\n<p><strong>Kinder unter 12 Jahren sind von der Kurtaxe befreit. Die Kurtaxe ist bei Anreise vor Ort bar zu zahlen.<\/strong><\/p>\n","protected":false},"excerpt":{"rendered":"<p>Ferienwohnung Vertr\u00e4umt 1-2 Personen Verzaubert 1-3 Personen Verz\u00fcckt 1-3 Personen A &#8211; Saison 01.04. &#8211; 31.10. 15.12. &#8211; 15.01. ab 95,- EUR ab 120,- EUR ab 120,- EUR B &#8211; Saison 01.11. &#8211; 14.12. 16.01. &#8211; 31.03. ab 90,- EUR ab 115,- EUR ab 115,- EUR Alle Preise verstehen sich inklusive der gesetzlichen Mehrwertsteuer (7%) [&hellip;]<\/p>\n","protected":false},"author":1,"featured_media":0,"parent":0,"menu_order":0,"comment_status":"closed","ping_status":"closed","template":"","meta":[],"_links":{"self":[{"href":"https:\/\/hof-schwansen.de\/index.php?rest_route=\/wp\/v2\/pages\/417"}],"collection":[{"href":"https:\/\/hof-schwansen.de\/index.php?rest_route=\/wp\/v2\/pages"}],"about":[{"href":"https:\/\/hof-schwansen.de\/index.php?rest_route=\/wp\/v2\/types\/page"}],"author":[{"embeddable":true,"href":"https:\/\/hof-schwansen.de\/index.php?rest_route=\/wp\/v2\/users\/1"}],"replies":[{"embeddable":true,"href":"https:\/\/hof-schwansen.de\/index.php?rest_route=%2Fwp%2Fv2%2Fcomments&post=417"}],"version-history":[{"count":33,"href":"https:\/\/hof-schwansen.de\/index.php?rest_route=\/wp\/v2\/pages\/417\/revisions"}],"predecessor-version":[{"id":1604,"href":"https:\/\/hof-schwansen.de\/index.php?rest_route=\/wp\/v2\/pages\/417\/revisions\/1604"}],"wp:attachment":[{"href":"https:\/\/hof-schwansen.de\/index.php?rest_route=%2Fwp%2Fv2%2Fmedia&parent=417"}],"curies":[{"name":"wp","href":"https:\/\/api.w.org\/{rel}","templated":true}]}}

<table style="width: 99.26%; height: 258px;" border="0" cellspacing="0" cellpadding="5">
<tbody>
<tr style="height: 48px;">
<td style="height: 48px; text-align: left; vertical-align: top;"><strong>Ferienwohnung</strong></td>
<td style="height: 48px; text-align: left; vertical-align: top;"><strong>Verträumt</strong><br />
1-2 Personen</td>
<td style="height: 48px; text-align: left; vertical-align: top;"><strong>Verzaubert</strong><br />
1-3 Personen</td>
<td style="height: 48px; text-align: left; vertical-align: top;"><strong>Verzückt</strong><br />
1-3 Personen</td>
</tr>
<tr style="height: 104px;">
<td style="height: 104px; text-align: left; vertical-align: top;"><b>A &#8211; Saison<br />
</b><span style="display: inline !important; float: none; background-color: #ffffff; color: #333333; cursor: text; font-family: Georgia,'Times New Roman','Bitstream Charter',Times,serif; font-size: 16px; font-style: normal; font-variant: normal; font-weight: 400; letter-spacing: normal; orphans: 2; text-align: left; text-decoration: none; text-indent: 0px; text-transform: none; -webkit-text-stroke-width: 0px; white-space: normal; word-spacing: 0px;">01.04. &#8211; 31.10.</span><br />
<span style="display: inline !important; float: none; background-color: #ffffff; color: #333333; cursor: text; font-family: Georgia,'Times New Roman','Bitstream Charter',Times,serif; font-size: 16px; font-style: normal; font-variant: normal; font-weight: 400; letter-spacing: normal; orphans: 2; text-align: left; text-decoration: none; text-indent: 0px; text-transform: none; -webkit-text-stroke-width: 0px; white-space: normal; word-spacing: 0px;">15.12. &#8211; 15.01.</span><strong><br />
</strong></td>
<td style="height: 104px; text-align: left; vertical-align: top;">ab 95,- EUR</td>
<td style="height: 104px; text-align: left; vertical-align: top;">ab 120,- EUR</td>
<td style="height: 104px; text-align: left; vertical-align: top;">ab 120,- EUR</td>
</tr>
<tr style="height: 96px;">
<td style="height: 96px; text-align: left; vertical-align: top;"><b>B &#8211; Saison<br />
</b>01.11. &#8211; 14.12.<br />
16.01. &#8211; 31.03.</td>
<td style="height: 96px; text-align: left; vertical-align: top;">ab 90,- EUR</td>
<td style="height: 96px; text-align: left; vertical-align: top;">ab 115,- EUR</td>
<td style="height: 96px; text-align: left; vertical-align: top;">ab 115,- EUR</td>
</tr>
<tr style="height: 10px;">
<td style="height: 10px; text-align: left; vertical-align: top;"></td>
<td style="height: 10px; text-align: left; vertical-align: top;"></td>
<td style="height: 10px; text-align: left; vertical-align: top;"></td>
<td style="height: 10px; text-align: left; vertical-align: top;"></td>
</tr>
</tbody>
</table>
<p>Alle Preise verstehen sich inklusive der gesetzlichen Mehrwertsteuer (7%) und gelten pro Übernachtung und Wohnung (bei bis zu 2 bzw. bis zu 3 Personen) bei einer Übernachtung ab 5 Tagen. Nebenkosten, Bettwäsche, Handtücher und ein PKW-Stellplatz sind ebenfalls enthalten. Für die Endreinigung berechnen wir bei der Düne und Leuchtturm einmalig 80,- EUR und bei der Strandkorb 60,- EUR.</p>
<p>Aus organisatorischen Gründen können wir die Ferienwohnungen in der Hauptsaison nur wochenweise von Samstag bis Samstag vermieten.</p>
<p>Solltet ihr euch in der Hauptsaison kurzfristig für ein paar Tage erholen wollen, ruft uns einfach an. Sind noch freie Kapazitäten vorhanden, könnt ihr unsere Ferienwohnungen dann auch für einige Tage buchen.</p>
<p>Hunde sind bei uns in allen Ferienwohnungen herzlich willkommen. Für jeden Hund berechnen wir eine Pauschale pro Tag von 8,- EUR.</p>
<h3>Was sonst noch wichtig ist&#8230;</h3>
<p><strong>Buchung</strong></p>
<p>Mit der telefonischen, persönlichen oder schriftlichen Buchung bietet der Mieter einen Abschluss eines Mietvertrages an. Dieser ist verbindlich geschlossen, wenn der Mieter vom Vermieter eine schriftliche Bestätigung erhält und die Anzahlung auf das angegebene Konto gutgeschrieben wurde. Dadurch verpflichtet sich der Mieter zur Anerkennung der Buchung und der Hausordnung.</p>
<p><strong>Bezahlung</strong></p>
<p>Der Betrag ist wie folgt zu entrichten: Eine Anzahlung i. H. v. (20% des Gesamtpreises) wird sofort bei Vertragsabschluss fällig, Restzahlung bis spätestens 6 Wochen vor Mietbeginn. Liegen zwischen dem Tag des Vertragsschlusses und dem Tag des Mietbeginns weniger als sechs Wochen, ist der gesamte Betrag sofort nach Vertragsschluss zu überweisen. Zahlungsverzug berechtigt den Vermieter zur Setzung einer Nachfrist, danach zum Rücktritt vom Mietvertrag.</p>
<p><strong>Preise</strong></p>
<p>Für die vertraglichen Leistungen gelten ausschließlich die Beschreibungen, Abbildungen und Preisangaben auf der Webseite, www.hof-schwansen.de.</p>
<p><strong>An- und Abreise</strong></p>
<p>Die Mietzeit schließt die Nutzung am Anreisetag ab 16 Uhr und am Abreisetag bis 10 Uhr ein. Ist die Anreise später als 18 Uhr, sollte der Mieter sich telefonisch unter der Nummer 01520 8450833 melden.</p>
<p><strong>Leistungen </strong></p>
<p>Die Ferienwohnung darf nur mit den in der Mietbestätigung angegebenen Personenzahl und Haustieren belegt werden. Der Mieter hat das Mietobjekt und das Inventar mit größtmöglicher Sorgfalt zu behandeln. Während der Mietdauer übernimmt der Mieter die Reinigung des Mietobjektes.</p>
<p><strong>Schäden </strong></p>
<p>Der Mieter ist verpflichtet, den während der Mietzeit durch sein Verschulden oder das Verschulden seiner Begleitungen und Gästen entstandenen Schaden sofort zu melden und zu ersetzen.</p>
<p><strong>Rücktritt / Stornierung</strong></p>
<p>Der Mieter kann vom Mietvertrag schriftlich zurücktreten. Der pauschalierte Entschädigungsanspruch beträgt bis 30 Tage vor Mietbeginn 20% des Mietpreises bis 15 Tage vor Mietbeginn 50% des Mietpreises ab dem 14 Tag vor Mietbeginn 80% des Mietpreises. Gelingt es dem Vermieter einen anderen Mieter für den gleichen Zeitraum zu denselben Bedingungen zu finden, so werden lediglich 10% des Mietpreises berechnet. Bei vorzeitiger Abreise wird der Mietpreis nicht zurückgezahlt.</p>
<p><strong>Internet</strong></p>
<p>Bei Nutzung des Internetzugangs ist der Mieter für die Einhaltung von Jugendschutz und Urheberrecht verantwortlich.</p>
<p><strong>Haustiere</strong></p>
<p>Tiere sind von jeglichen Möbelstücken fernzuhalten. Der Mieter haftet für Schäden, die mitgebrachte Tiere verursachen.</p>
<p><strong>Hausrecht</strong></p>
<p>Unter bestimmten Umständen, z.B. Stromausfall, Wasserschäden etc., kann es notwendig sein, dass der Vermieter die Ferienwohnung ohne Wissen des Mieters betreten muss.</p>
<p><strong>Abreise</strong></p>
<p>Bei Abreise ist die Wohnung so zu übergeben, wie sie bei Mietbeginn vorgefunden wurde. Sollte die Wohnung nicht besenrein, in einem aufgeräumten Zustand, ohne Müll, mit abgezogenen Betten und sauberer Küche/Geschirr übergeben werden, behält sich der Vermieter eine Nachberechnung in Höhe von 50,- € vor.</p>
<h3><strong>Kurtaxe</strong></h3>
<p><strong>Hauptsaison: </strong>1. April &#8211; 31. Oktober und 15. Dezember &#8211; 15. Januar<br />
Erwachsene (ab 18 J.) 1,28 EUR / Tag<br />
Kinder (ab 12 J.) 0,42 EUR / Tag</p>
<p><strong>Nebensaison: </strong>01. November &#8211; 14. Dezember und 16. Januar &#8211; 31.März<br />
Erwachsene (ab 18 J.) 0,64 EUR / Tag<br />
Kinder (ab 12 J.) 0,23 EUR / Tag</p>
<p><strong>Kinder unter 12 Jahren sind von der Kurtaxe befreit. Die Kurtaxe ist bei Anreise vor Ort bar zu zahlen.</strong></p>

<p>Ferienwohnung Verträumt 1-2 Personen Verzaubert 1-3 Personen Verzückt 1-3 Personen A &#8211; Saison 01.04. &#8211; 31.10. 15.12. &#8211; 15.01. ab 95,- EUR ab 120,- EUR ab 120,- EUR B &#8211; Saison 01.11. &#8211; 14.12. 16.01. &#8211; 31.03. ab 90,- EUR ab 115,- EUR ab 115,- EUR Alle Preise verstehen sich inklusive der gesetzlichen Mehrwertsteuer (7%) [&hellip;]</p>
