{"id":124,"date":"2016-01-23T15:22:41","date_gmt":"2016-01-23T14:22:41","guid":{"rendered":"http:\/\/fewo-schoenhagen-ostsee.de\/?page_id=124"},"modified":"2024-11-26T12:48:03","modified_gmt":"2024-11-26T11:48:03","slug":"ferienwohnung-strandkorb","status":"publish","type":"page","link":"https:\/\/hof-schwansen.de\/?page_id=124","title":{"rendered":"Ferienwohnung Vertr\u00e4umt"},"content":{"rendered":"<div id=\"attachment_295\" style=\"width: 261px\" class=\"wp-caption alignright\"><a href=\"http:\/\/hof-schwansen.de\/wp-content\/uploads\/2016\/01\/strandkorb001.jpg\"><img aria-describedby=\"caption-attachment-295\" decoding=\"async\" loading=\"lazy\" class=\"wp-image-295\" src=\"http:\/\/hof-schwansen.de\/wp-content\/uploads\/2016\/01\/strandkorb001-300x200.jpg\" width=\"251\" height=\"167\" srcset=\"https:\/\/hof-schwansen.de\/wp-content\/uploads\/2016\/01\/strandkorb001-300x200.jpg 300w, https:\/\/hof-schwansen.de\/wp-content\/uploads\/2016\/01\/strandkorb001-768x512.jpg 768w, https:\/\/hof-schwansen.de\/wp-content\/uploads\/2016\/01\/strandkorb001-1024x682.jpg 1024w, https:\/\/hof-schwansen.de\/wp-content\/uploads\/2016\/01\/strandkorb001.jpg 2000w\" sizes=\"(max-width: 251px) 100vw, 251px\" \/><\/a><p id=\"caption-attachment-295\" class=\"wp-caption-text\">Hof Schwansen &#8211; Ferienwohnung Strandkorb<\/p><\/div>\n<p>Die Ferienwohnung Vertr\u00e4umt bietet Platz f\u00fcr 2 Personen.<\/p>\n<p>Sie verf\u00fcgt \u00fcber<\/p>\n<ul>\n<li>40 qm Wohnfl\u00e4che<\/li>\n<li>eine komplett eingerichtete K\u00fcche<\/li>\n<li>ein Wohn-\/Esszimmer<\/li>\n<li>1 Schlafraum mit Doppelbett<\/li>\n<li>Dusche \/ WC<\/li>\n<li>eine eigene Terrasse<\/li>\n<li>Parkplatz<\/li>\n<\/ul>\n<p>Weitere Ausstattungsmerkmale findet Ihr hier.<\/p>\n<p>&nbsp;<\/p>\n<table style=\"width: 100%;\" border=\"0\" cellspacing=\"0\" cellpadding=\"0\">\n<tbody>\n<tr>\n<td style=\"width: 50%;\">\n<p><div id=\"attachment_161\" style=\"width: 209px\" class=\"wp-caption aligncenter\"><a href=\"http:\/\/hof-schwansen.de\/wp-content\/uploads\/2016\/01\/ausatmen_02.jpg\"><img aria-describedby=\"caption-attachment-161\" decoding=\"async\" loading=\"lazy\" class=\"wp-image-161\" src=\"http:\/\/www.hof-schwansen.de\/wp-content\/uploads\/2016\/01\/strandkorb_02.jpg\" alt=\"Hof Schwansen - Ferienwohnung Strandkorb\" width=\"199\" height=\"167\" \/><\/a><p id=\"caption-attachment-161\" class=\"wp-caption-text\">Hof Schwansen &#8211; Ferienwohnung Ausatmen<\/p><\/div><\/td>\n<td><img decoding=\"async\" loading=\"lazy\" class=\"wp-image-1428 size-medium aligncenter\" src=\"https:\/\/hof-schwansen.de\/wp-content\/uploads\/2024\/02\/PHOTO-2023-12-22-13-52-00-300x225.jpg\" alt=\"\" width=\"300\" height=\"225\" srcset=\"https:\/\/hof-schwansen.de\/wp-content\/uploads\/2024\/02\/PHOTO-2023-12-22-13-52-00-300x225.jpg 300w, https:\/\/hof-schwansen.de\/wp-content\/uploads\/2024\/02\/PHOTO-2023-12-22-13-52-00-1024x768.jpg 1024w, https:\/\/hof-schwansen.de\/wp-content\/uploads\/2024\/02\/PHOTO-2023-12-22-13-52-00-768x576.jpg 768w, https:\/\/hof-schwansen.de\/wp-content\/uploads\/2024\/02\/PHOTO-2023-12-22-13-52-00-1536x1152.jpg 1536w, https:\/\/hof-schwansen.de\/wp-content\/uploads\/2024\/02\/PHOTO-2023-12-22-13-52-00-2048x1536.jpg 2048w\" sizes=\"(max-width: 300px) 100vw, 300px\" \/><\/td>\n<\/tr>\n<tr>\n<td style=\"width: 50%;\"><img decoding=\"async\" loading=\"lazy\" class=\"wp-image-1434 size-medium aligncenter\" src=\"https:\/\/hof-schwansen.de\/wp-content\/uploads\/2024\/02\/PHOTO-2023-12-22-14-02-18-225x300.jpg\" alt=\"\" width=\"225\" height=\"300\" srcset=\"https:\/\/hof-schwansen.de\/wp-content\/uploads\/2024\/02\/PHOTO-2023-12-22-14-02-18-225x300.jpg 225w, https:\/\/hof-schwansen.de\/wp-content\/uploads\/2024\/02\/PHOTO-2023-12-22-14-02-18-768x1024.jpg 768w, https:\/\/hof-schwansen.de\/wp-content\/uploads\/2024\/02\/PHOTO-2023-12-22-14-02-18-1152x1536.jpg 1152w, https:\/\/hof-schwansen.de\/wp-content\/uploads\/2024\/02\/PHOTO-2023-12-22-14-02-18.jpg 1200w\" sizes=\"(max-width: 225px) 100vw, 225px\" \/><\/td>\n<td><img decoding=\"async\" loading=\"lazy\" class=\"wp-image-1430 size-medium aligncenter\" src=\"https:\/\/hof-schwansen.de\/wp-content\/uploads\/2024\/02\/PHOTO-2023-12-22-13-55-15-3-300x225.jpg\" alt=\"\" width=\"300\" height=\"225\" srcset=\"https:\/\/hof-schwansen.de\/wp-content\/uploads\/2024\/02\/PHOTO-2023-12-22-13-55-15-3-300x225.jpg 300w, https:\/\/hof-schwansen.de\/wp-content\/uploads\/2024\/02\/PHOTO-2023-12-22-13-55-15-3-1024x768.jpg 1024w, https:\/\/hof-schwansen.de\/wp-content\/uploads\/2024\/02\/PHOTO-2023-12-22-13-55-15-3-768x576.jpg 768w, https:\/\/hof-schwansen.de\/wp-content\/uploads\/2024\/02\/PHOTO-2023-12-22-13-55-15-3-1536x1152.jpg 1536w, https:\/\/hof-schwansen.de\/wp-content\/uploads\/2024\/02\/PHOTO-2023-12-22-13-55-15-3-2048x1536.jpg 2048w\" sizes=\"(max-width: 300px) 100vw, 300px\" \/><\/td>\n<\/tr>\n<tr>\n<td><img decoding=\"async\" loading=\"lazy\" class=\"size-medium wp-image-1431 aligncenter\" src=\"https:\/\/hof-schwansen.de\/wp-content\/uploads\/2024\/02\/PHOTO-2023-12-22-13-55-17-2-300x225.jpg\" alt=\"\" width=\"300\" height=\"225\" srcset=\"https:\/\/hof-schwansen.de\/wp-content\/uploads\/2024\/02\/PHOTO-2023-12-22-13-55-17-2-300x225.jpg 300w, https:\/\/hof-schwansen.de\/wp-content\/uploads\/2024\/02\/PHOTO-2023-12-22-13-55-17-2-1024x768.jpg 1024w, https:\/\/hof-schwansen.de\/wp-content\/uploads\/2024\/02\/PHOTO-2023-12-22-13-55-17-2-768x576.jpg 768w, https:\/\/hof-schwansen.de\/wp-content\/uploads\/2024\/02\/PHOTO-2023-12-22-13-55-17-2-1536x1152.jpg 1536w, https:\/\/hof-schwansen.de\/wp-content\/uploads\/2024\/02\/PHOTO-2023-12-22-13-55-17-2-2048x1536.jpg 2048w\" sizes=\"(max-width: 300px) 100vw, 300px\" \/><\/td>\n<td><img decoding=\"async\" loading=\"lazy\" class=\"size-medium wp-image-1433 aligncenter\" src=\"https:\/\/hof-schwansen.de\/wp-content\/uploads\/2024\/02\/PHOTO-2023-12-22-14-02-16-2-225x300.jpg\" alt=\"\" width=\"225\" height=\"300\" srcset=\"https:\/\/hof-schwansen.de\/wp-content\/uploads\/2024\/02\/PHOTO-2023-12-22-14-02-16-2-225x300.jpg 225w, https:\/\/hof-schwansen.de\/wp-content\/uploads\/2024\/02\/PHOTO-2023-12-22-14-02-16-2-768x1024.jpg 768w, https:\/\/hof-schwansen.de\/wp-content\/uploads\/2024\/02\/PHOTO-2023-12-22-14-02-16-2-1152x1536.jpg 1152w, https:\/\/hof-schwansen.de\/wp-content\/uploads\/2024\/02\/PHOTO-2023-12-22-14-02-16-2.jpg 1200w\" sizes=\"(max-width: 225px) 100vw, 225px\" \/><\/td>\n<\/tr>\n<tr>\n<td><\/td>\n<td><\/td>\n<\/tr>\n<\/tbody>\n<\/table>\n","protected":false},"excerpt":{"rendered":"<p>Die Ferienwohnung Vertr\u00e4umt bietet Platz f\u00fcr 2 Personen. Sie verf\u00fcgt \u00fcber 40 qm Wohnfl\u00e4che eine komplett eingerichtete K\u00fcche ein Wohn-\/Esszimmer 1 Schlafraum mit Doppelbett Dusche \/ WC eine eigene Terrasse Parkplatz Weitere Ausstattungsmerkmale findet Ihr hier. &nbsp;<\/p>\n","protected":false},"author":1,"featured_media":0,"parent":0,"menu_order":0,"comment_status":"closed","ping_status":"closed","template":"","meta":[],"_links":{"self":[{"href":"https:\/\/hof-schwansen.de\/index.php?rest_route=\/wp\/v2\/pages\/124"}],"collection":[{"href":"https:\/\/hof-schwansen.de\/index.php?rest_route=\/wp\/v2\/pages"}],"about":[{"href":"https:\/\/hof-schwansen.de\/index.php?rest_route=\/wp\/v2\/types\/page"}],"author":[{"embeddable":true,"href":"https:\/\/hof-schwansen.de\/index.php?rest_route=\/wp\/v2\/users\/1"}],"replies":[{"embeddable":true,"href":"https:\/\/hof-schwansen.de\/index.php?rest_route=%2Fwp%2Fv2%2Fcomments&post=124"}],"version-history":[{"count":15,"href":"https:\/\/hof-schwansen.de\/index.php?rest_route=\/wp\/v2\/pages\/124\/revisions"}],"predecessor-version":[{"id":1508,"href":"https:\/\/hof-schwansen.de\/index.php?rest_route=\/wp\/v2\/pages\/124\/revisions\/1508"}],"wp:attachment":[{"href":"https:\/\/hof-schwansen.de\/index.php?rest_route=%2Fwp%2Fv2%2Fmedia&parent=124"}],"curies":[{"name":"wp","href":"https:\/\/api.w.org\/{rel}","templated":true}]}}

Ferienwohnung Verträumt

<div id="attachment_295" style="width: 261px" class="wp-caption alignright"><a href="http://hof-schwansen.de/wp-content/uploads/2016/01/strandkorb001.jpg"><img aria-describedby="caption-attachment-295" decoding="async" loading="lazy" class="wp-image-295" src="http://hof-schwansen.de/wp-content/uploads/2016/01/strandkorb001-300x200.jpg" width="251" height="167" srcset="https://hof-schwansen.de/wp-content/uploads/2016/01/strandkorb001-300x200.jpg 300w, https://hof-schwansen.de/wp-content/uploads/2016/01/strandkorb001-768x512.jpg 768w, https://hof-schwansen.de/wp-content/uploads/2016/01/strandkorb001-1024x682.jpg 1024w, https://hof-schwansen.de/wp-content/uploads/2016/01/strandkorb001.jpg 2000w" sizes="(max-width: 251px) 100vw, 251px" /></a><p id="caption-attachment-295" class="wp-caption-text">Hof Schwansen &#8211; Ferienwohnung Strandkorb</p></div>
<p>Die Ferienwohnung Verträumt bietet Platz für 2 Personen.</p>
<p>Sie verfügt über</p>
<ul>
<li>40 qm Wohnfläche</li>
<li>eine komplett eingerichtete Küche</li>
<li>ein Wohn-/Esszimmer</li>
<li>1 Schlafraum mit Doppelbett</li>
<li>Dusche / WC</li>
<li>eine eigene Terrasse</li>
<li>Parkplatz</li>
</ul>
<p>Weitere Ausstattungsmerkmale findet Ihr hier.</p>
<p>&nbsp;</p>
<table style="width: 100%;" border="0" cellspacing="0" cellpadding="0">
<tbody>
<tr>
<td style="width: 50%;">
<p><div id="attachment_161" style="width: 209px" class="wp-caption aligncenter"><a href="http://hof-schwansen.de/wp-content/uploads/2016/01/ausatmen_02.jpg"><img aria-describedby="caption-attachment-161" decoding="async" loading="lazy" class="wp-image-161" src="http://www.hof-schwansen.de/wp-content/uploads/2016/01/strandkorb_02.jpg" alt="Hof Schwansen - Ferienwohnung Strandkorb" width="199" height="167" /></a><p id="caption-attachment-161" class="wp-caption-text">Hof Schwansen &#8211; Ferienwohnung Ausatmen</p></div></td>
<td><img decoding="async" loading="lazy" class="wp-image-1428 size-medium aligncenter" src="https://hof-schwansen.de/wp-content/uploads/2024/02/PHOTO-2023-12-22-13-52-00-300x225.jpg" alt="" width="300" height="225" srcset="https://hof-schwansen.de/wp-content/uploads/2024/02/PHOTO-2023-12-22-13-52-00-300x225.jpg 300w, https://hof-schwansen.de/wp-content/uploads/2024/02/PHOTO-2023-12-22-13-52-00-1024x768.jpg 1024w, https://hof-schwansen.de/wp-content/uploads/2024/02/PHOTO-2023-12-22-13-52-00-768x576.jpg 768w, https://hof-schwansen.de/wp-content/uploads/2024/02/PHOTO-2023-12-22-13-52-00-1536x1152.jpg 1536w, https://hof-schwansen.de/wp-content/uploads/2024/02/PHOTO-2023-12-22-13-52-00-2048x1536.jpg 2048w" sizes="(max-width: 300px) 100vw, 300px" /></td>
</tr>
<tr>
<td style="width: 50%;"><img decoding="async" loading="lazy" class="wp-image-1434 size-medium aligncenter" src="https://hof-schwansen.de/wp-content/uploads/2024/02/PHOTO-2023-12-22-14-02-18-225x300.jpg" alt="" width="225" height="300" srcset="https://hof-schwansen.de/wp-content/uploads/2024/02/PHOTO-2023-12-22-14-02-18-225x300.jpg 225w, https://hof-schwansen.de/wp-content/uploads/2024/02/PHOTO-2023-12-22-14-02-18-768x1024.jpg 768w, https://hof-schwansen.de/wp-content/uploads/2024/02/PHOTO-2023-12-22-14-02-18-1152x1536.jpg 1152w, https://hof-schwansen.de/wp-content/uploads/2024/02/PHOTO-2023-12-22-14-02-18.jpg 1200w" sizes="(max-width: 225px) 100vw, 225px" /></td>
<td><img decoding="async" loading="lazy" class="wp-image-1430 size-medium aligncenter" src="https://hof-schwansen.de/wp-content/uploads/2024/02/PHOTO-2023-12-22-13-55-15-3-300x225.jpg" alt="" width="300" height="225" srcset="https://hof-schwansen.de/wp-content/uploads/2024/02/PHOTO-2023-12-22-13-55-15-3-300x225.jpg 300w, https://hof-schwansen.de/wp-content/uploads/2024/02/PHOTO-2023-12-22-13-55-15-3-1024x768.jpg 1024w, https://hof-schwansen.de/wp-content/uploads/2024/02/PHOTO-2023-12-22-13-55-15-3-768x576.jpg 768w, https://hof-schwansen.de/wp-content/uploads/2024/02/PHOTO-2023-12-22-13-55-15-3-1536x1152.jpg 1536w, https://hof-schwansen.de/wp-content/uploads/2024/02/PHOTO-2023-12-22-13-55-15-3-2048x1536.jpg 2048w" sizes="(max-width: 300px) 100vw, 300px" /></td>
</tr>
<tr>
<td><img decoding="async" loading="lazy" class="size-medium wp-image-1431 aligncenter" src="https://hof-schwansen.de/wp-content/uploads/2024/02/PHOTO-2023-12-22-13-55-17-2-300x225.jpg" alt="" width="300" height="225" srcset="https://hof-schwansen.de/wp-content/uploads/2024/02/PHOTO-2023-12-22-13-55-17-2-300x225.jpg 300w, https://hof-schwansen.de/wp-content/uploads/2024/02/PHOTO-2023-12-22-13-55-17-2-1024x768.jpg 1024w, https://hof-schwansen.de/wp-content/uploads/2024/02/PHOTO-2023-12-22-13-55-17-2-768x576.jpg 768w, https://hof-schwansen.de/wp-content/uploads/2024/02/PHOTO-2023-12-22-13-55-17-2-1536x1152.jpg 1536w, https://hof-schwansen.de/wp-content/uploads/2024/02/PHOTO-2023-12-22-13-55-17-2-2048x1536.jpg 2048w" sizes="(max-width: 300px) 100vw, 300px" /></td>
<td><img decoding="async" loading="lazy" class="size-medium wp-image-1433 aligncenter" src="https://hof-schwansen.de/wp-content/uploads/2024/02/PHOTO-2023-12-22-14-02-16-2-225x300.jpg" alt="" width="225" height="300" srcset="https://hof-schwansen.de/wp-content/uploads/2024/02/PHOTO-2023-12-22-14-02-16-2-225x300.jpg 225w, https://hof-schwansen.de/wp-content/uploads/2024/02/PHOTO-2023-12-22-14-02-16-2-768x1024.jpg 768w, https://hof-schwansen.de/wp-content/uploads/2024/02/PHOTO-2023-12-22-14-02-16-2-1152x1536.jpg 1152w, https://hof-schwansen.de/wp-content/uploads/2024/02/PHOTO-2023-12-22-14-02-16-2.jpg 1200w" sizes="(max-width: 225px) 100vw, 225px" /></td>
</tr>
<tr>
<td></td>
<td></td>
</tr>
</tbody>
</table>

<p>Die Ferienwohnung Verträumt bietet Platz für 2 Personen. Sie verfügt über 40 qm Wohnfläche eine komplett eingerichtete Küche ein Wohn-/Esszimmer 1 Schlafraum mit Doppelbett Dusche / WC eine eigene Terrasse Parkplatz Weitere Ausstattungsmerkmale findet Ihr hier. &nbsp;</p>
